mine w(-9).
6
Let y(c) = c**2 - 2*c - 13. Determine y(-4).
11
Let f(j) = -j**2 + 10*j - 2. What is f(7)?
19
Let w(s) = -2*s**3 + 3*s**2 + 2*s + 3. Calculate w(-2).
27
Let d(z) = 7*z**2 + 25*z - 1. Determine d(-4).
11
Let f(v) = -109*v - 652. Determine f(-6).
2
Let q(j) = j + 13. What is q(7)?
20
Let x(n) = -n**3 + 6*n**2 - 5*n + 5. Give x(6).
-25
Let a(w) = 12*w - 52. What is a(9)?
56
Let y(m) = -2*m**2 + 4*m + 39. Give y(-4).
-9
Let f(b) = 2*b**3 + b + 1. Determine f(-1).
-2
Let w(o) = -o**3 + 6*o**2 - 12*o + 13. What is w(4)?
-3
Let v(z) = -z**2 - 12*z - 8. Give v(-12).
-8
Let h(m) = m**2 + 6*m - 8. Determine h(-7).
-1
Let q(g) = -g**3 - g**2 - 3*g - 6. Calculate q(0).
-6
Let b(a) = -a**2 - 15*a - 50. Calculate b(-7).
6
Let z(f) = -2*f**2 + 4*f + 4. Determine z(4).
-12
Let p(j) = -j**3 - 7*j - 5. Determine p(-2).
17
Let u(x) = 11*x**2 - 88*x + 6. Determine u(8).
6
Let n(f) = 3*f**2 + 41*f + 13. What is n(-12)?
-47
Let w(c) = c + 14. Give w(-10).
4
Let b(v) = -v**2 - 3. Calculate b(0).
-3
Let v(h) = -h - 5. Determine v(-6).
1
Let f(u) = -u**2 - 9*u + 6. Calculate f(-12).
-30
Let g(k) = -2*k**2 + k + 6. Calculate g(3).
-9
Let b(h) = -h**3 - 16*h**2 - 13*h + 31. Give b(-15).
1
Let z(s) = 33*s**2 + s + 1. What is z(-1)?
33
Let i(d) = -50*d - 282. Give i(-6).
18
Let h(g) = -2*g + 8. Calculate h(4).
0
Let a(m) = m**2 - 4*m + 3. Determine a(2).
-1
Let d(o) = -5*o - 21. Calculate d(-16).
59
Let b(m) = m**2 - 17*m + 19. Give b(15).
-11
Let p(v) = -v**3 + 16*v**2 - 13*v + 13. What is p(15)?
43
Let x(w) = w**2 + 3*w + 1. Give x(-5).
11
Let g(k) = -12*k - 311. What is g(-28)?
25
Let c(u) = 5*u + 47. What is c(-12)?
-13
Let y(c) = -c**2 + 3*c. Calculate y(2).
2
Let a(y) = -20*y**2 + y - 1. Give a(1).
-20
Let b(t) = -31*t - 61. Calculate b(-3).
32
Let c(t) = -t**3 - 4*t**2 + t + 8. What is c(-4)?
4
Let d(f) = -27*f - 84. Determine d(-3).
-3
Let g(u) = u + 10. Give g(18).
28
Let v(u) = -u**3 + 7*u**2 - 14*u + 3. Calculate v(3).
-3
Let i(t) = 13*t + 18. Determine i(-10).
-112
Let z(q) = q**3 - 7*q**2 + 3*q + 2. Give z(6).
-16
Let l(w) = w**2 + 8*w - 9. Determine l(-9).
0
Let k(b) = b**3 + 21*b**2 + 19*b + 399. Give k(-21).
0
Let f(v) = -8*v - 235. What is f(-31)?
13
Let a(z) = -z**2 + 5*z - 1. Give a(5).
-1
Let k(i) = -i**3 - 6*i**2 + 8*i + 1. What is k(-7)?
-6
Let g(x) = -x**2 - 12*x + 26. Calculate g(-15).
-19
Let l(y) = 8*y - 11. Determine l(11).
77
Let d(b) = -18*b**3 + b. Give d(-1).
17
Let c(x) = 24*x + 70. Give c(-3).
-2
Let q(u) = -2*u**3 - 11*u**2 + 20*u + 96. Calculate q(-6).
12
Let y(b) = 3*b - 35. Give y(9).
-8
Let h(v) = -3*v**3 + v - 8. What is h(2)?
-30
Let t(o) = o**3 + 4*o**2 + 3*o + 5. Calculate t(-3).
5
Let d(n) = -17*n**2 - 4*n - 2. Calculate d(-2).
-62
Let w(p) = -p**3 + 4*p**2 + 2*p + 3. Calculate w(4).
11
Let q(u) = -u**3 - 3*u**2 + 11*u - 54. Calculate q(-6).
-12
Let c(r) = r - 5. Determine c(-6).
-11
Let y(d) = -d**2 + 20*d - 96. Determine y(13).
-5
Let t(q) = 14*q**2 + 1. Give t(1).
15
Let x(q) = q**3 + 9*q**2 + 9*q + 15. Calculate x(-8).
7
Let p(n) = -n**3 - 11*n**2 + 14*n - 8. Determine p(-12).
-32
Let d(n) = -n**3 + n**2 + 6*n - 4. Give d(4).
-28
Let q(p) = 2*p**3 + 30*p**2 - 33*p - 13. What is q(-16)?
3
Let d(a) = -3*a - 11. Give d(-6).
7
Let w(t) = 6*t**2 + 12*t + 6. Determine w(-2).
6
Let u(f) = 2*f**2 - 21*f - 7. Give u(10).
-17
Let v(n) = 2*n + 7. Calculate v(-6).
-5
Let c(u) = u**2 + 18*u. Give c(-13).
-65
Let y(t) = t**2 - 6. Calculate y(-6).
30
Let x(m) = -10*m**2 + 4*m + 12. Calculate x(-2).
-36
Let d(k) = k**3 - 6*k**2 + k + 8. What is d(-2)?
-26
Let a(l) = 3*l**2 + 5*l - 4. Give a(-4).
24
Let w(l) = -l**3 - 9*l**2 - 8*l - 11. Give w(-8).
-11
Let d(r) = -r**3 + 30*r**2 - r - 10. Give d(30).
-40
Let x(q) = -q**3 + 6*q**2 + 2*q. Calculate x(6).
12
Let k(u) = u**2 + 3*u + 7. Determine k(-4).
11
Let o(z) = z**3 + 9*z**2 - 6*z - 47. Calculate o(-9).
7
Let u(w) = 10*w - 440. What is u(44)?
0
Let l(y) = -6*y + 42. What is l(9)?
-12
Let a(l) = l**2 + 98*l - 855. What is a(8)?
-7
Let v(u) = u**3 + 2*u**2 + u + 3. Determine v(-4).
-33
Let y(i) = -i**3 + 6*i**2 + 27*i - 5. Calculate y(9).
-5
Let z(s) = s**2 - 12*s + 27. Determine z(8).
-5
Let h(a) = -7*a + 34. Calculate h(6).
-8
Let z(u) = u**3 + 7*u**2 + 3*u + 6. Give z(-6).
24
Let r(v) = 2*v + 21. Give r(-10).
1
Let u(k) = 2*k**2 + 3*k + 10. Determine u(5).
75
Let r(y) = y**2 - 2*y + 2. Determine r(3).
5
Let d(l) = -10*l - 6. Give d(8).
-86
Let o(t) = -t**2 - 20*t + 135. Give o(-26).
-21
Let s(b) = b**2 - 6*b - 23. What is s(9)?
4
Let z(v) = -v**2 + 15*v + 6. Give z(15).
6
Let h(c) = -c**3 + 4*c**2 - c + 1. Give h(4).
-3
Let g(p) = p**2 + 17*p + 27. Give g(-14).
-15
Let j(o) = o**3 - 53*o**2 - 170*o + 110. Give j(56).
-2
Let l(s) = -3*s**2 - 4*s - 4. What is l(-2)?
-8
Let p(d) = -d**3 - 5*d**2 - 6*d - 21. Calculate p(-5).
9
Let q(a) = 18*a**2 - 160*a - 6. Give q(9).
12
Let r(w) = 2*w + 17. Calculate r(-7).
3
Let z(f) = f**2 - 5*f + 5. Give z(5).
5
Let w(g) = -g**2 + 3*g + 11. Calculate w(5).
1
Let v(l) = 7*l - 41. Give v(-7).
-90
Let o(q) = -q**3 - 7*q**2 + q + 10. What is o(-7)?
3
Let u(g) = -2*g**3 + 4*g**2 - 2*g - 1. Determine u(2).
-5
Let l(d) = d**3 - 7*d**2 + 8*d - 15. What is l(6)?
-3
Let v(p) = -9*p - 3. Calculate v(-3).
24
Let b(f) = f**3 + 12*f**2 + 19*f - 14. Calculate b(-10).
-4
Let n(c) = 2*c**2 - c + 1. Give n(1).
2
Let u(j) = j**2 + 1. Calculate u(2).
5
Let z(v) = 4*v - 6. Give z(-3).
-18
Let r(i) = i**3 - i**2 - i + 10. Calculate r(0).
10
Let r(y) = 2*y + 79. Determine r(-13).
53
Let c(r) = -r**3 + 3*r**2 - 2. Calculate c(3).
-2
Let u(x) = 8*x - 40. Determine u(5).
0
Let t(i) = -i - 18. Give t(-4).
-14
Let l(b) = 3*b**2 + 21*b + 8. Calculate l(-7).
8
Let j(t) = -5*t**2 + 13*t + 5. What is j(-1)?
-13
Let j(h) = 10*h - 21. What is j(5)?
29
Let i(g) = 4*g**2 - 4*g + 4. What is i(3)?
28
Let j(m) = m**3 + 47*m**2 - 51*m - 139. Determine j(-48).
5
Let g(b) = -6*b**2 + 31*b - 2. Determine g(6).
-32
Let l(s) = -10*s**2 + 3*s + 1. Calculate l(-1).
-12
Let g(v) = v - 1. What is g(-10)?
-11
Let v(u) = -u + 3. What is v(-3)?
6
Let j(c) = c**2 - 8*c + 5. Calculate j(8).
5
Let d(w) = -2*w**3 + 14*w**2 + w - 22. Give d(7).
-15
Let o(k) = k**2 + 12*k - 4. Determine o(-15).
41
Let o(g) = g**2 + 6*g - 6. Determine o(-6).
-6
Let g(h) = h**3 + 3*h**2 - 6*h - 4. Calculate g(-4).
4
Let f(g) = -9*g - 113. Determine f(-12).
-5
Let v(m) = -m**2 + 18*m + 51. What is v(22)?
-37
Let v(c) = -c**2 + 17*c - 45. Give v(3).
-3
Let z(f) = -7*f - 9. What is z(7)?
-58
Let h(m) = 4*m + 5. What is h(4)?
21
Let x(p) = -p**3 + 9*p**2 - 13*p + 9. Give x(8).
-31
Let f(i) = 7*i**2 + 2*i + 4. What is f(-2)?
28
Let v(i) = i**3 + 30. Give v(-3).
3
Let d(v) = -3*v - 74. What is d(-19)?
-17
Let f(z) = z**2 + 11*z + 2. Determine f(-4).
-26
Let g(q) = q**3 - 10*q + 9. Calculate g(3).
6
Let y(k) = -k**2 + 6*k - 3. Give y(5).
2
Let k(a) = -27*a - 359. What is k(-13)?
-8
Let v(m) = 6*m - 59. Determine v(13).
19
Let g(l) = l**2 + 26*l - 35. Calculate g(-27).
-8
Let h(n) = n**2 + 5*n - 6. Give h(-9).
30
Let p(g) = g**2 + 19*g + 68. Calculate p(-15).
8
Let y(d) = 3*d**3 - d**2 - 2*d + 4. Determine y(3).
70
Let p(g) = g**2 - 15*g + 104. Determine p(0).
104
Let d(n) = -n**2 + 18*n - 46. What is d(15)?
-1
Let t(f) = f**3 - 13*f**2 + 17. Determine t(13).
17
Let u(l) = -11*l + 72. Determine u(6).
6
Let t(s) = 12*s - 6. Calculate t(1).
6
Let y(x) = -26*x + 4. Give y(-1).
30
Let a(t) = -19*t - 2. Give a(-2).
36
Let f(p) = -p**2 + 24*p - 33. What is f(20)?
47
Let v(a) = 3*a**2 - 49. Calculate v(4).
-1
Let t(x) = -18*x. What is t(-5)?
90
Let x(s) = s**2 + 12*s + 3. Calculate x(-11).
-8
Let j(c) = c + 20. What is j(-12)?
8
Let y(h) = -62*h - 380. Determine y(-6).
-8
Let i(u) = -u**3 - u - 4. Determine i(0).
-4
Let p(h) = -2*h**2 + 2*h - 1. What is p(3)?
-13
Let r(j) = -j**3 - 41*j**2 - 209*j + 51. Calculate r(-35).
16
Let h(z) = -z**3 + 7*z**2 - 14*z + 6. What is h(5)?
-14
Let n(g) = g**2 - 3*g + 1. What is n(5)?
11
Let c(p) = -p**2 + 4*p - 2. Give c(4).
-2
Let c(l) = 6*l + 9. Calculate c(-2).
-3
Let k(z) = z**2 + 9*z + 7. Give k(-6).
-11
Let r(l) = -l**2 - 7*l + 22. What is r(-10)?
-8
Let w(a) = 4*a - 7. What is w(7)?
21
Let k(l) = l - 11. Determine k(17).
6
Let x(y) = 9*y + 1. Determine x(16).
145
Let h(n) = 3*n**3 + 2*